2 + 3*u - 13. What is the remainder when n(-9) is divided by d?
13
Let s(k) = k**2 + 8*k - 4. Let z be (2/(-2))/(6/42). Let f be s(z). Let w(p) = p**2 + 3*p - 16. Calculate the remainder when w(f) is divided by 15.
12
Let o(s) = 4*s**2 - 3*s + 2. Let h be o(2). Suppose 12*u - 8*u - h = 0. Calculate the remainder when 17 is divided by u.
2
Let w(m) = m - 3. Let h(y) = y + 13. Let r be h(-6). Let z be w(r). Suppose -n = z - 21. What is the remainder when 33 is divided by n?
16
Suppose 0 = -o - 27 + 126. Calculate the remainder when o is divided by (15/(-6))/((-1)/10).
24
Let j = 53 - 19. Let n(m) = 2*m - 6. Let g be n(4). Let c(k) = 52*k - 5. What is the remainder when c(g) is divided by j?
31
Suppose -2*t + 5*u - 1 = 2*u, -2*t - 11 = -5*u. Let k = 3 + -11. Calculate the remainder when t is divided by 8*2/k*-2.
3
Let a = 20 + 0. Suppose 6*i = i + a. Suppose i*j = -j + 5. What is the remainder when 3 is divided by j?
0
Suppose -y + 4*a = -82, -a = -4*y + 144 + 154. Calculate the remainder when 233 is divided by y.
11
Let f be ((-17)/2 + -4)*(-1 + 3). Let s = -24 - f. Calculate the remainder when (-1)/3 - 4/(-3) is divided by s.
0
Let q(u) = 23*u - 10*u - 12*u + 7. Let z be 0*2*3/(-12). Calculate the remainder when q(z) is divided by 5.
2
Suppose -l - 3*l = 5*s + 20, -l + s = -4. Calculate the remainder when ((l - 9)*1)/(39/(-117)) is divided by 8.
3
Let m(x) = -x**3 - 29*x**2 - 60*x - 56. Calculate the remainder when m(-27) is divided by 39.
28
Let d(m) be the third derivative of -m**5/60 - m**4/2 - 8*m**3/3 - 34*m**2. Calculate the remainder when 53 is divided by d(-9).
9
Suppose -l + 5*w = -13 - 7, -3*l + 3*w = -12. Let g = l + 4. What is the remainder when 1/(4/624*g) is divided by 14?
11
Suppose -3*x + 612 = 3*c, -4*c + 8*x - 3*x = -789. Suppose -17*i + c = -14*i. What is the remainder when i is divided by 14?
11
Suppose 18*a + 1312 = 16*a. Calculate the remainder when a/(-10) - 6/(-15) - -2 is divided by 18.
14
Let x(l) be the second derivative of 7/6*l**3 - 4*l + 0 + 1/2*l**2. Calculate the remainder when x(1) is divided by 5.
3
Suppose -3926 = -4*y - 3606. Calculate the remainder when 107 is divided by y.
27
Let m = -44 + 140. Let y = 8 + -5. Suppose -y*d + 45 = -m. What is the remainder when d is divided by 12?
11
Let r = -54 - -21. Let i = -9 + 39. Calculate the remainder when i is divided by ((-10)/(-15))/((-2)/r).
8
Suppose 8*q - 212 = -52. Suppose -5*m + 5*x + q = 0, -5*m - 2*x - 2*x = -11. Calculate the remainder when m is divided by (-19)/(-7) + (-2)/(-7).
0
What is the remainder when 107 is divided by ((-2)/(-2))/(-5*4/(-540))?
26
Suppose -40 = -5*y - 20. Suppose -270 + 786 = y*b. What is the remainder when b is divided by 12?
9
Suppose 0 = 5*f - 10*f + 145. What is the remainder when f is divided by (-1 + 3)/2*48/3?
13
Let r = 361 - 328. What is the remainder when 90 is divided by r?
24
Let w = 168 - 155. What is the remainder when 128 is divided by w?
11
Let g be 1/(-2) + 13/(-2). Let c = 4 + g. Let q(b) = b**2 - 6*b - 6. Calculate the remainder when q(c) is divided by 6.
3
Calculate the remainder when (-15)/(-45) + 656/3 is divided by 56.
51
Let v(f) = -15*f + 6. What is the remainder when 147 is divided by v(-3)?
45
Suppose 3*x + 5*d - 2 = 0, -x - 1 = d - 3. Suppose x*b + 105 = 5*l, -2*l + b + 73 = 2*l. Calculate the remainder when 58 is divided by l.
7
Let n(w) = 2*w**3 - w**2 + w - 1. Let z be n(1). Let q = z + 10. Let m = -5 + q. Calculate the remainder when 11 is divided by m.
5
Let l = 884 - 826. Calculate the remainder when l is divided by 20.
18
What is the remainder when 510 is divided by (-72 - (7 + -5 + -1))/(-1)?
72
Let k = 81 - 41. Suppose -5*b + 109 = 3*w, -k = -4*w - 2*b + 96. What is the remainder when 131 is divided by w?
32
Let d be (-1128)/33 + 2/11. Let z = -19 - d. What is the remainder when 1*50 + z + -15 is divided by 26?
24
Let i(r) = 70*r - 180. Suppose -2*h = 2, -u + 8 = -4*h - 14. What is the remainder when i(3) is divided by u?
12
Suppose 619 + 5 = 12*w. What is the remainder when 199 is divided by w?
43
Suppose 66 = 18*p - 24. Suppose 0 = -4*q + 8. Calculate the remainder when p is divided by q.
1
Let v = -799 + 812. Suppose -5*o + 0*a = 2*a - 185, 4*o - 5*a - 115 = 0. Calculate the remainder when o is divided by v.
9
Let f = 23770 + -23680. What is the remainder when f is divided by 0 - 1 - -24 - 0?
21
Let u(c) = 25*c**3 - 2*c**2 - c + 1. Let y = -19 + 20. What is the remainder when 89 is divided by u(y)?
20
Let w = -19 - -16. Calculate the remainder when (891/(-108))/(w/4) is divided by 6.
5
Suppose -2*n = -9*n + 2037. What is the remainder when n is divided by 37?
32
Suppose -5*u = 4*l - u + 24, 0 = 2*l - u + 9. Let c(h) = -3*h - 8. Calculate the remainder when 1/2 - (-51)/2 is divided by c(l).
5
Let k = 7 - -1. Let n = -1448 + 1466. Calculate the remainder when n is divided by k.
2
Suppose -b + 126 - 20 = t, -2*b = 0. Let j(z) = 2*z**3 - 18*z**2 - 13*z + 5. Let d be j(10). Let u = t - d. Calculate the remainder when 59 is divided by u.
28
Let u = -68 + 72. Suppose 0 = -4*s + u + 32. What is the remainder when 13 is divided by s?
4
Let t(f) = 8*f**3 - 5*f**2 + 5*f + 8. Calculate the remainder when 241 is divided by t(2).
55
Let h(p) = p + 5. Let o = 56 - 10. Let r = 13 + o. What is the remainder when r is divided by h(10)?
14
Let x be (-3)/1 + (1 - 0) + -20. Let t = x + 38. Calculate the remainder when t is divided by 6.
4
Let u = -26 - -25. Let p = 3 - -11. What is the remainder when (58 - 1) + -3 + u is divided by p?
11
Calculate the remainder when 33 is divided by (-210)/(-150) + 3/5.
1
Suppose 2*p - 26 = 4*f, p - 4*f + 66 = 3*p. Calculate the remainder when p is divided by 21.
2
Let b(u) be the third derivative of -49*u**5/60 + u**4/12 + u**3/6 + 5*u**2. Let t be b(-1). Let j = t + 86. What is the remainder when j is divided by 13?
10
Let w(d) = -d**2 - d - 1. Let a be w(0). Let u(t) = -t**2 + 17*t - 45. Let z be u(15). What is the remainder when (18/27)/(a/z) is divided by 6?
4
Suppose -43*y - 352 = -54*y. What is the remainder when 2397 is divided by y?
29
Let y(v) = v + 7. Calculate the remainder when 184 is divided by y(12).
13
Let c(a) = a**2 + 6*a + 8. Suppose 2*z - 4 = -3*x - 0, 3*x - 5 = -z. Let m be -1 + (-32)/(z - -5). What is the remainder when 103 is divided by c(m)?
33
Let x be 4/(-2)*-2 - 4. Let r(j) = j**3 + j**2 - j + 5. Calculate the remainder when 34 is divided by r(x).
4
Suppose -5*j - 15 = 2*o, -4*o + j = -43 + 18. Suppose -o*c = -0*c - 4*i - 148, 3*c = 3*i + 87. Calculate the remainder when 157 is divided by c.
29
Let a be (1/(-2))/(6/(-72)). Suppose a*s - 12 = 6. What is the remainder when 10 is divided by s?
1
Let f(o) = 4*o**2 - 4*o - 8. Let s be f(-5). Let i = -9 + s. What is the remainder when i is divided by 13?
12
Let r(u) be the third derivative of u**6/120 + u**5/15 + u**4/6 + u**3/6 + u**2. Let f be r(-3). Calculate the remainder when 11 is divided by 0/f - -2 - -1.
2
Let z = 3 - 4. Let j be 3/(-3) + z + 4. Suppose -w + 6 = j*w. What is the remainder when 2 is divided by w?
0
Suppose 4*u = 4*w - 43 - 53, 4*w + 5*u - 87 = 0. Calculate the remainder when 200 is divided by w.
16
Let g(h) = 4*h**2 + 41*h + 50. Calculate the remainder when 48 is divided by g(-9).
3
Let i(t) = 270*t - 33. Calculate the remainder when i(2) is divided by 64.
59
What is the remainder when (182/(-273))/(1/(-873)) is divided by 45?
42
Let c = -30 + 83. Calculate the remainder when 158 is divided by c.
52
Suppose 2168 - 583 = 5*n. Calculate the remainder when n is divided by 53.
52
Suppose 12*i - 59 = 13*i. Let l = i + 118. What is the remainder when l is divided by 30?
29
Let m = 36 + -34. Suppose n + 4 = m*n. Suppose -3*b - n*l - 22 = -111, 4*l - 112 = -4*b. What is the remainder when 90 is divided by b?
21
Let x(b) = b**2 + 13*b + 2. Let m be x(-13). Let g be (1/(-3))/(m/(-24)). Suppose g*z - 3*z = 9. Calculate the remainder when z is divided by 5.
4
Let q = -244 - -357. What is the remainder when q is divided by 29?
26
Calculate the remainder when -2 - (0 + 0 - 29) is divided by 5/(20/(-6))*56/(-12).
6
Let v = -31 - -63. Suppose 5*t = -0*t, -u + v = 4*t. Calculate the remainder when u is divided by ((-72)/42)/((-8)/84).
14
Suppose 47 = -3*p + 149. Let a(o) = -o**3 + 10*o**2 + 3*o - 